s 947989 composite?
True
Is 177563 composite?
True
Is 314639 a prime number?
False
Is 58511 prime?
True
Is 279073 prime?
True
Is 360007 a prime number?
True
Is 6707 prime?
False
Is 3943 prime?
True
Is 7921 prime?
False
Is 1369 a composite number?
True
Is 9469 prime?
False
Is 299983 composite?
False
Is 64147 a composite number?
True
Is 110849 a prime number?
True
Is 27505 a composite number?
True
Is 43207 composite?
False
Is 1757 a composite number?
True
Is 679982 a prime number?
False
Is 13367 composite?
False
Is 6283 composite?
True
Is 32527 a composite number?
True
Is 31957 a prime number?
True
Is 195395 a prime number?
False
Is 76451 a prime number?
False
Is 405917 a composite number?
False
Is 681217 prime?
False
Is 262 prime?
False
Is 16127 a composite number?
False
Is 26342 a prime number?
False
Is 21797 composite?
True
Is 13159 prime?
True
Is 7195 a prime number?
False
Is 23143 prime?
True
Is 123289 prime?
True
Is 725131 prime?
False
Is 4453 composite?
True
Is 4643 a prime number?
True
Is 52993 composite?
True
Is 73091 composite?
False
Is 82933 a composite number?
True
Is 7639 prime?
True
Is 161281 a composite number?
False
Is 975551 a composite number?
False
Is 251 composite?
False
Is 20219 a prime number?
True
Is 163147 a composite number?
False
Is 275051 a composite number?
True
Is 349033 composite?
True
Is 15227 prime?
True
Is 192959 composite?
True
Is 201679 prime?
False
Is 59539 composite?
False
Is 21553 composite?
True
Is 8611 composite?
True
Is 575119 a prime number?
True
Is 62921 composite?
False
Is 146891 a prime number?
True
Is 231459 prime?
False
Is 3043 a prime number?
False
Is 40423 a composite number?
False
Is 314647 a composite number?
True
Is 3239 a composite number?
True
Is 16823 prime?
True
Is 11665 a composite number?
True
Is 18947 a composite number?
False
Is 38989 a composite number?
True
Is 500131 prime?
False
Is 53657 composite?
False
Is 5591609 composite?
False
Is 10391 a prime number?
True
Is 100039 a composite number?
True
Is 7177 a prime number?
True
Is 40345 composite?
True
Is 4079767 prime?
True
Is 159947 a prime number?
False
Is 784283 a composite number?
False
Is 56891 composite?
False
Is 41747 a prime number?
False
Is 299311 composite?
False
Is 479462 a prime number?
False
Is 523 a composite number?
False
Is 17041 a composite number?
False
Is 570569 prime?
True
Is 64781 composite?
False
Is 586693 prime?
True
Is 72757 prime?
False
Is 218167 prime?
False
Is 718345 composite?
True
Is 13199 composite?
True
Is 9491 prime?
True
Is 3109 a composite number?
False
Is 55661 a composite number?
False
Is 436507 a prime number?
True
Is 1518257 a prime number?
False
Is 597629 prime?
False
Is 45827 a prime number?
True
Is 4139 composite?
False
Is 29611 a composite number?
False
Is 950683 a composite number?
True
Is 42689 composite?
False
Is 3683 a composite number?
True
Is 22123 composite?
False
Is 54437 prime?
True
Is 205405 a prime number?
False
Is 57149 composite?
False
Is 342281 prime?
True
Is 42469 a prime number?
False
Is 7981 prime?
False
Is 30467 prime?
True
Is 127901 a composite number?
True
Is 10177 prime?
True
Is 2897 composite?
False
Is 948133 a prime number?
True
Is 715339 prime?
True
Is 52435 composite?
True
Is 75503 prime?
True
Is 1107619 a prime number?
True
Is 81439 prime?
True
Is 393 prime?
False
Is 34409 prime?
False
Is 74881 prime?
False
Is 19069 composite?
False
Is 20833 prime?
False
Is 115195 prime?
False
Is 100621 a composite number?
False
Is 16771 composite?
True
Is 16199 composite?
True
Is 35417 prime?
False
Is 293317 a prime number?
False
Is 22439 composite?
True
Is 125371 prime?
True
Is 209563 prime?
True
Is 499879 composite?
False
Is 339869 prime?
False
Is 73121 a composite number?
False
Is 21251 a composite number?
True
Is 707453 prime?
False
Is 28513 a prime number?
True
Is 1927097 prime?
True
Is 520441 prime?
False
Is 348487 a composite number?
False
Is 170209 a prime number?
False
Is 505387 a prime number?
False
Is 434627 composite?
True
Is 145505 prime?
False
Is 891017 prime?
True
Is 6119 prime?
False
Is 22201 prime?
False
Is 56701 a prime number?
True
Is 5223 prime?
False
Is 1372645 prime?
False
Is 2227 composite?
True
Is 18059 prime?
True
Is 438547 a prime number?
False
Is 10223 composite?
False
Is 11101 a prime number?
False
Is 18021 prime?
False
Is 829709 a prime number?
True
Is 3419165 prime?
False
Is 584267 composite?
True
Is 14566 a composite number?
True
Is 97693 a prime number?
False
Is 4609 a prime number?
False
Is 5999 a prime number?
False
Is 1936381 composite?
False
Is 10559 a composite number?
False
Is 117291 prime?
False
Is 242197 prime?
True
Is 669329 a prime number?
True
Is 6619 a composite number?
False
Is 25439 prime?
True
Is 4555783 prime?
True
Is 270701 a prime number?
True
Is 121039 composite?
False
Is 14809 prime?
False
Is 16973 composite?
True
Is 1275707 a composite number?
False
Is 136649 composite?
False
Is 11539 a prime number?
False
Is 574463 a composite number?
True
Is 1395791 a composite number?
False
Is 393513 composite?
True
Is 37273 composite?
False
Is 739929 a composite number?
True
Is 28349 composite?
False
Is 33343 a composite number?
False
Is 73741 a composite number?
True
Is 12437 a composite number?
False
Is 323 a prime number?
False
Is 1734563 prime?
False
Is 35713 a composite number?
True
Is 54923 a composite number?
True
Is 572107 prime?
True
Is 48647 a prime number?
True
Is 278947 a prime number?
True
Is 29009 composite?
False
Is 32449 composite?
True
Is 487537 composite?
True
Is 7985 composite?
True
Is 108583 a prime number?
False
Is 12659 a composite number?
False
Is 127783 composite?
True
Is 128461 prime?
True
Is 8674 a composite number?
True
Is 204583 prime?
True
Is 1027 a composite number?
True
Is 5749 a prime number?
True
Is 115057 a prime number?
True
Is 4229 prime?
True
Is 120553 prime?
False
Is 12515 a prime number?
False
Is 691 a prime number?
True
Is 443 composite?
False
Is 49277 prime?
True
Is 87569 a prime number?
False
Is 939359 composite?
False
Is 32831 a composite number?
False
Is 13571 a composite number?
True
Is 7493 a composite number?
True
Is 3389 prime?
True
Is 139067 prime?
True
Is 159514 composite?
True
Is 97021 a composite number?
False
Is 125453 composite?
False
Is 2321 a prime number?
False
Is 114941 composite?
False
Is 58211 a composite number?
False
Is 90087 composite?
True
Is 6508057 a composite number?
True
Is 194471 a composite number?
False
Is 637271 a composite number?
False
Is 849 composite?
True
Is 8777 a composite number?
True
Is 2503 composite?
False
Is 5713 a composite number?
True
Is 30497 a composite number?
False
Is 165173 composite?
False
Is 11777 prime?
True
Is 78473 prime?
False
Is 379 a prime number?
True
Is 181001 composite?
False
Is 442961 a composite number?
False
Is 243301 a composite number?
False
Is 8263 composite?
False
Is 547099 prime?
False
Is 7283 a prime number?
True
Is 75149 composite?
False
Is 23981 a composite number?
False
Is 581813 composite?
True
Is 1239569 prime?
True
Is 7634293 prime?
True
Is 4117 a prime number?
False
Is 3522971 a composite number?
False
Is 43933 prime?
True
Is 385898 prime?
False
Is 118303 a composite number?
True
Is 780211 a prime number?
True
Is 2183 a prime number?
False
Is 14923 a prime number?
True
Is 255631 prime?
False
Is 797 composite?
False
Is 1471 a composite number?
False
Is 12839 prime?
False
Is 26171 prime?
True
Is 17129 a composite number?
True
Is 1777 a prime number?
True
Is 188229 a prime number?
False
Is 232741 composite?
False
Is 15127 prime?
False
Is 939259 composite?
True
Is 644089 a prime number?
True
Is 2322629 prime?
True
Is 7751 prime?
False
Is 275129 prime?
True
Is 533657 prime?
False
Is 244117 prime?
False
Is 2011054 a prime number?
False
Is 555473 prime?
False
Is 3591613 a prime number?
True
Is 10294 a composite number?
True
Is 70613 a prime number?
False
Is 52147 a prime number?
True
Is 2773 a composite number?
True
Is 353357 composite?
True
Is 7393 a prime number?
True
Is 6887 composite?
True
Is 189757 composite?
False
Is 20135 composite?
True
Is 21237 composite?
True
Is 895343 a composite number?
False
Is 42865 a prime number?
False
Is 17653 prime?
False
Is 18347 composite?
True
Is 424469 a prime number?
False
Is 3641 a prime num